 1127*x - 14392. Determine f(-576).
8
Let i(a) = 4*a**2 + 208*a - 368. Give i(-48).
-1136
Let w(z) = 196*z + 456. Give w(-3).
-132
Let h(r) = -20471*r - 3889523. What is h(-190)?
-33
Let c(p) = 14513*p + 159699. Calculate c(-11).
56
Let h(o) = -28791*o + 172743. Determine h(6).
-3
Let d(x) = -3*x**2 - 314*x + 5127. What is d(-118)?
407
Let d(v) = 3207*v + 44703. What is d(-14)?
-195
Let k(w) = 3294*w - 2714284. Give k(824).
-28
Let s(x) = 5889*x - 52958. What is s(9)?
43
Let p(z) = -z**3 - 20*z**2 + 104*z + 2307. Determine p(-21).
564
Let v(j) = -j**2 - 12*j + 54779. Give v(228).
59
Let v(k) = 78975*k - 1816434. Give v(23).
-9
Let f(r) = -48*r + 2366. Give f(37).
590
Let i(j) = -3*j**2 + 81*j + 6606. Give i(-36).
-198
Let q(s) = -s**2 - 253*s + 3427. Determine q(13).
-31
Let y(v) = 3*v**3 - 4*v**2 - 319*v + 6. Give y(13).
1774
Let o(j) = -3271*j - 228926. Calculate o(-70).
44
Let v(k) = -19*k**2 - 5510*k + 5485. What is v(-291)?
-44
Let q(c) = 42*c**2 + 477*c - 1385. What is q(-14)?
169
Let l(c) = 17*c**3 - 18*c**2 - 4*c - 3. Determine l(-1).
-34
Let o(d) = d**3 + 3*d**2 - 194*d - 1050. What is o(-6)?
6
Let x(l) = 2*l**3 - 244*l**2 + 6554*l + 3614. Give x(41).
6
Let z(r) = -282*r + 4108. Give z(13).
442
Let j(x) = x**3 + 340*x**2 - 3373*x + 44480. Give j(-350).
30
Let z(n) = 777*n + 57958. Calculate z(-73).
1237
Let i(c) = c**3 - 16*c**2 + 59379*c - 533840. What is i(9)?
4
Let t(q) = 154607*q + 618602. What is t(-4)?
174
Let y(n) = n**3 + 3*n**2 - 70*n - 587. What is y(-7)?
-293
Let l(z) = -z**3 - 50*z**2 + 2499*z + 180. Determine l(31).
-192
Let h(b) = 3*b**3 - 250*b**2 + 86*b - 269. Calculate h(83).
-20
Let g(q) = -2*q**3 + 76*q**2 + 253*q - 12109. Give g(37).
-10
Let g(d) = d**3 + 77*d**2 - 81*d - 22376. Calculate g(-74).
46
Let z(r) = 564712*r + 7341256. Determine z(-13).
0
Let h(k) = -19*k**2 - 441*k + 2266. Give h(-27).
322
Let i(p) = -7588*p + 431916. Determine i(57).
-600
Let s(v) = v**3 + 195*v**2 - 5866*v + 28425. Determine s(-222).
9
Let n(f) = -620*f + 14237. Determine n(23).
-23
Let o(l) = 2*l**3 + 88*l**2 - 1761*l + 486. Determine o(-59).
-45
Let j(y) = 2*y**3 - 541*y**2 - 20371*y + 677. Calculate j(304).
-235
Let l(t) = -t**2 - 11163*t + 78178. Give l(7).
-12
Let h(n) = 3*n**3 + 19*n**2 + n - 72. What is h(-6)?
-42
Let x(k) = 33676*k + 1986882. Give x(-59).
-2
Let f(b) = 321*b + 14108. Give f(-44).
-16
Let q(u) = u**3 - 1826*u**2 + 21746*u + 260. Calculate q(12).
-4
Let w(v) = v**2 + 643*v - 5441. Calculate w(8).
-233
Let p(c) = -c**2 - 20416*c - 265238. What is p(-13)?
1
Let y(z) = 108*z**2 - 30020*z - 649. Calculate y(278).
463
Let b(t) = 2*t**2 + 109*t + 1481. Determine b(-47).
776
Let a(y) = -y**3 + y**2 + 6*y + 97. Calculate a(6).
-47
Let l(p) = 26*p**2 + 446*p - 168. Calculate l(-18).
228
Let z(b) = -16*b**2 - 5700*b + 10021. What is z(-358)?
-3
Let q(v) = -29995*v + 60171. Give q(2).
181
Let x(o) = -o**3 + 11*o**2 + 135*o + 5. Calculate x(9).
1382
Let z(s) = 46*s**3 + 2951*s**2 + 454*s + 230. Give z(-64).
-154
Let d(z) = -z**3 - 213*z**2 - 6188*z + 1472. Calculate d(-35).
2
Let i(s) = -96*s**2 - 406*s + 1017. Calculate i(-6).
-3
Let d(j) = -30*j**3 + 200*j**2 - 590*j. Give d(3).
-780
Let q(o) = 6*o**2 + 180*o - 27201. What is q(54)?
15
Let m(u) = u**2 - 355*u - 51433. Determine m(-110).
-283
Let n(u) = -7*u**2 - 363*u - 317. Give n(-48).
979
Let i(p) = 33*p**2 + 5182*p + 190. Give i(-157).
33
Let h(j) = -j**3 + 9*j**2 + 69*j - 476. Calculate h(6).
46
Let c(t) = 10*t**3 - 58*t**2 - 269*t - 17. Determine c(-5).
-1372
Let a(b) = -5*b**2 - 932*b - 5528. Give a(-6).
-116
Let b(g) = g**3 - 56*g**2 - 2820*g - 145. Give b(88).
-497
Let p(h) = -h + 658. Calculate p(-67).
725
Let n(w) = -1232111*w - 11088986. Determine n(-9).
13
Let j(o) = -2*o**2 + 716*o - 5682. Determine j(8).
-82
Let v(w) = 10196*w - 835796. Calculate v(82).
276
Let i(v) = v**3 - 51*v**2 + 33*v + 678. Determine i(50).
-172
Let r(u) = -u**3 - 157*u**2 - 150*u + 911. What is r(-156)?
-25
Let l(f) = 6*f**3 - 78*f**2 - 238*f + 29. Calculate l(-3).
-121
Let o(v) = -v**3 - 48*v**2 - 105*v - 2670. Calculate o(-47).
56
Let l(h) = -h**3 + 7*h**2 + 1563*h + 588. Calculate l(-36).
48
Let d(r) = 500*r**2 + 3142*r + 9. Determine d(-6).
-843
Let d(m) = -3473*m + 24718. What is d(7)?
407
Let y(p) = -55208*p + 441662. Determine y(8).
-2
Let v(s) = s**2 - 21328*s + 6142505. What is v(292)?
-7
Let l(n) = 619*n + 44392. Determine l(-71).
443
Let x(q) = 273*q**2 - 30029*q - 158. Calculate x(110).
-48
Let p(m) = -371380*m - 2971059. What is p(-8)?
-19
Let t(q) = -965*q - 65093. Calculate t(-68).
527
Let u(h) = h**3 - 46*h**2 - 795*h + 170. Determine u(-13).
534
Let p(w) = 3272*w + 52354. Calculate p(-16).
2
Let c(r) = r**3 + 102*r**2 + 1329*r + 2112. Give c(-87).
24
Let p(o) = 2*o**3 + 32*o**2 - 15*o - 96. What is p(-18)?
-1122
Let b(d) = 2*d**3 + 100*d**2 + 200*d + 781. What is b(-48)?
397
Let i(c) = -36*c**3 + 12*c**2 + 307*c - 1672. Give i(5).
-4337
Let w(n) = -n**3 + 53*n**2 + 1332*n + 2552. Calculate w(72).
-40
Let v(r) = -2*r**3 - 67*r**2 - 535*r - 169. Calculate v(-21).
41
Let y(x) = -x**2 - 629363*x + 3146850. Determine y(5).
10
Let s(r) = -19423*r - 77671. Give s(-4).
21
Let w(u) = -44*u + 216. Determine w(-1).
260
Let o(r) = r**2 + 1109*r - 1076677. Give o(622).
5
Let y(n) = 7*n**2 - 330*n - 2224. Determine y(-7).
429
Let d(c) = -c**3 - 333*c**2 - 3848*c + 17. Calculate d(-12).
-31
Let b(f) = 3305*f + 9307. Give b(-3).
-608
Let i(k) = -71*k - 982. Calculate i(-18).
296
Let x(k) = 3*k**3 + 423*k**2 + 835*k + 179. What is x(-139)?
40
Let u(l) = -2*l**2 + 121*l - 1291. What is u(11)?
-202
Let a(c) = -11*c**2 - 93*c + 157. What is a(-18)?
-1733
Let r(c) = 1761*c**2 - 10613*c + 328. Give r(6).
46
Let c(f) = f**3 - 825*f**2 + 134238*f + 4811. Give c(602).
-5
Let s(q) = -102*q**3 - 69*q**2 + 201*q - 3. What is s(-2)?
135
Let b(k) = k**3 + 38*k**2 - 128*k + 291. What is b(-41)?
496
Let d(m) = 423*m**2 + 2445*m - 560. Give d(-6).
-2
Let w(b) = 6731*b + 60688. Give w(-9).
109
Let x(i) = -i**3 - 141*i**2 - 284*i - 1385. Determine x(-139).
-551
Let n(y) = -172*y**3 + 19272*y**2 - 896*y - 23. Give n(112).
-23
Let j(w) = -307*w - 3334. Calculate j(-11).
43
Let n(i) = 4*i**2 - 3153*i - 15859. Give n(-5).
6
Let a(k) = 3*k**3 - 1019*k**2 - 351*k + 3854. What is a(340)?
114
Let k(i) = -i**3 - 29*i**2 - 199*i + 27. What is k(-8)?
275
Let o(r) = 3*r**3 - 768*r**2 - 13017*r - 10637. Determine o(272).
-29
Let f(l) = 3982*l + 75707. Calculate f(-19).
49
Let f(r) = 3*r**2 + 416*r + 7771. What is f(-22)?
71
Let v(k) = 2*k**2 + 95*k - 1032. Give v(17).
1161
Let l(y) = -72*y + 2527. What is l(13)?
1591
Let u(c) = 614*c - 37918. What is u(62)?
150
Let x(c) = -16*c**2 + 1690*c + 121217. Determine x(-49).
-9
Let s(g) = 16*g**2 - 2370*g + 523. Give s(148).
227
Let u(o) = -o**2 - 2642*o + 61521. Calculate u(23).
226
Let c(o) = 253*o**2 - 35*o - 7. Calculate c(2).
935
Let r(d) = 1171*d - 283365. Calculate r(242).
17
Let m(o) = -o**3 + 80*o**2 + 881*o + 1782. Calculate m(90).
72
Let p(f) = 3*f**3 + 14*f**2 + 171*f + 88. Determine p(-7).
-1452
Let u(w) = 7*w**3 - 4*w**2 + 1692*w + 1696. What is u(-1)?
-7
Let h(o) = 997*o + 37740. Determine h(-38).
-146
Let f(n) = 424*n + 33906. Determine f(-80).
-14
Let w(q) = -4*q**3 - 865*q**2 - 248*q - 6904. What is w(-216)?
8
Let a(r) = -2*r**2 + 1049*r - 10404. Determine a(10).
-114
Let c(y) = -3*y**3 + 271*y**2 + 2322*y - 1. What is c(-8)?
303
Let l(u) = 3*u**3 + 32*u**2 + 9295*u + 92749. What is l(-10)?
-1
Let u(z) = -9712*z - 359324. Calculate u(-37).
20
Let d(b) = b**3 - 81*b**2 + 1562*b + 65. Determine d(48).
-991
Let g(h) = -h**3 - 49*h**2 - 205*h - 763. Give g(-45).
362
Let n(v) = -2*v**3 - 166*v**2 - 2845*v - 715. What is n(-59)?
52
Let o(s) = -43*s**2 - 5243*s + 250. Determine o(-122).
-116
Let v(h) = -2*h**3 - 44*h**2 + 8*h + 203. Give v(-21).
-847
Let j(c) = 9*c**3 + 763*c**2 + 1144*c - 15257. Calculate j(-83).
15
Let a(h) = 3008*h - 638024. Calculate a(212).
-328
Let i(v) = 56*v**3 - 567*v**2 + 22*v + 127. Determine i(10).
-353
Let q(b) = -4639*b + 3780790. Give q(815).
5
Let y(p) = p**3 + 594*p**2 - 299919*p - 323. Determine y(326).
3
Let k(o) = o**3 - 230*o**2 - 8548*o + 1921216. What is k(231)?
-11
Let j(n) = -2875*n - 25878. Give j(-9).
-3
Let d(t)